. Is m prime?
True
Let b(x) = x**2 + 16*x + 42. Let y(w) = 2*w**2 + 48*w + 125. Let h(l) = 11*b(l) - 4*y(l). Is h(-15) a prime number?
True
Suppose 926974 = 6*b + 3*b - 1255913. Is b a prime number?
False
Suppose -5*w + 410933 = -4*c, -116424 - 212320 = -4*w + 4*c. Is w prime?
True
Suppose 0 = u + 2*g - 15, -17 = -3*u - 4*g + 20. Suppose 343 = u*t + 105. Is t a composite number?
True
Is 1140508/100 + (-20)/250 a composite number?
True
Suppose -5*y - 3 = -13. Suppose -y*v = 0, 4*u + 34 = 2*u + v. Let o = u + 32. Is o a prime number?
False
Let p(q) = 10194*q + 3941. Is p(32) a prime number?
True
Suppose -4*v - 351 = -43. Let i = v - -62. Is (-3171)/(-15) - (24/i - -2) prime?
True
Let k(t) = 24009*t + 8686. Is k(45) a prime number?
True
Suppose 3359 = -7*d + 8*d + 4*g, 0 = -2*d - 5*g + 6715. Let r = 7976 - d. Is r a prime number?
True
Is (-5 + 6)/((-24)/(-2062248)) a composite number?
True
Let y(z) = -1068 + 2981*z**3 + z + 1065 - 1144*z**3. Is y(2) a composite number?
True
Suppose -16*l + 31*l - 24*l + 3671991 = 0. Is l composite?
True
Let y be (36/(-72))/(2/(-68)). Suppose -y*p - i + 7321 = -15*p, 3*i = 2*p - 7309. Is p composite?
False
Let i be -1 - (6 - 4)*1. Let l be ((-20)/5 - i)*-5. Suppose -r + 5*o = -4*r + 2534, r = l*o + 878. Is r a prime number?
True
Is (-806)/1612 + (2/1 - (-8155)/2) composite?
False
Let w = 242 + -194. Let s(k) = 14*k**2 - 4*k + 181. Is s(w) a prime number?
False
Suppose -5*y = -2916 - 1684. Let p = -545 + y. Let z = p + 182. Is z prime?
True
Suppose -20410532 + 84389887 = 55*t. Is t prime?
False
Is (9/(-6))/((-642)/239367988) a composite number?
True
Suppose -51*t + 57*t = 210552. Suppose -10*p - t = -14*p. Is p a composite number?
True
Suppose -84*m = -89*m + 315. Suppose -6*a = a - m. Suppose -a*y - 1760 + 22379 = 0. Is y a composite number?
True
Let m be (-363)/5 - (-4)/(-10). Suppose -2*o = 4*k - 38 - 36, -k + 5*o = -35. Let q = k - m. Is q a composite number?
True
Let u(r) = 1723*r + 2449. Is u(46) prime?
True
Let y(g) = g**3 + g**2 - 7*g + 1841. Is y(0) composite?
True
Let i be (2 + -3)/(3/708*-2). Let m = i - 112. Let t(y) = 68*y**2 + 10*y + 13. Is t(m) prime?
True
Suppose 4 = -j + 3*j. Let g = j + 11. Suppose -1148 = -g*z + 9*z. Is z a prime number?
False
Let n(t) = -8*t + 50. Let h be n(21). Suppose 0*c + 592 = 3*c - 5*s, -2*c + 4*s + 398 = 0. Let y = c - h. Is y a prime number?
True
Suppose 0 = 51*b - 47*b - 2225774 - 37742. Is b composite?
True
Let z be (-29 + 35)/(7/2 + -2). Suppose q - 22419 = -2*q - z*m, 2*q + 5*m - 14939 = 0. Is q a composite number?
False
Let r = 23880 + -8108. Let v = -6467 + r. Is v a prime number?
False
Let h(f) be the second derivative of 39*f**5/20 + f**4/6 - 2*f**3/3 + f**2 - 5*f. Is h(3) prime?
True
Let z = -4177 - -10231. Suppose -13*b = -7*b - z. Is b a prime number?
True
Let o be 0 + (77/(-15) - (-8)/60). Is 5 + 764/4 + o a composite number?
False
Suppose 0 = 2*w - 7*w - 3*u + 7, 0 = 2*w - 5*u - 9. Suppose -w*k - x + 495 = 0, k + 999 = 5*k - x. Is k composite?
True
Let f(o) = 12188*o - 49. Let k be f(4). Let c = -23000 + k. Is c a prime number?
True
Let h be (-1*4/5)/(2/(-6950)). Suppose 9*y + 8738 = h. Is (y/(-8))/(2*(-4)/(-32)) composite?
False
Let m = 313411 - 155690. Is m a prime number?
True
Suppose 0*g + 4*g = 24. Let q(m) = 2*m. Let x(r) = 7*r**3 - 7*r**2 - 5*r + 5. Let k(d) = 2*q(d) + x(d). Is k(g) composite?
False
Let s = 79 - 25. Suppose 2*j - 2*u = -0*u + s, 5*u = -4*j + 99. Let p(n) = -n**3 + 30*n**2 - 9*n - 43. Is p(j) a prime number?
False
Let y(j) = -140*j**2 + j - 19. Let a(s) = s**2 - s - 1. Let b(t) = 2*a(t) + y(t). Let d(w) be the first derivative of b(w). Is d(-6) a prime number?
False
Let r = -191 - -194. Suppose -5*c - 23488 = -d, -r*d + 29834 + 40588 = -c. Is d a prime number?
True
Let u be -2 + 8/(-32) + (-141)/(-4). Suppose 34 = -d + u. Is -3 - 0 - (-228 + d) a composite number?
True
Is 36/(-78) - (-24907907)/221 a composite number?
True
Suppose 110*c + 1347359 = 62*c + 61*c. Is c composite?
False
Suppose -13 = -5*r + i, -5*r = -9*r - 5*i + 22. Let d(w) = 10*w**3 - 4*w**2 + 9*w - 12. Is d(r) composite?
True
Let a be 50008/11 + 90/(-495). Let h = a - 2043. Is h composite?
False
Let s(q) = 5*q**2 + 8*q + 36. Suppose -71 = 4*z + 3*v, 2*v = z + 3*v + 18. Is s(z) prime?
False
Let b(f) = -f**3 - 12*f**2 - 2*f - 22. Let v be b(-12). Suppose 4*w + 2*s = 42856, -3*w + s = v*w - 53563. Is w prime?
False
Is (-15)/5*(2/12)/(16/(-12009952)) composite?
False
Suppose 305382 + 863834 + 709078 = 66*x. Is x prime?
False
Let i(l) be the second derivative of l**4/6 - 13*l**3/2 + 71*l**2/2 - 6*l - 2. Is i(36) prime?
True
Suppose 5*h - c - 112502 = 5989, 0 = -3*h - c + 71101. Suppose 5*z + 5*y - 39475 = 0, -h = -7*z + 4*z + 4*y. Is z prime?
False
Let l(i) = i**3 + 16*i**2 - 36. Let n be l(-15). Let g be 135/n + (-4)/(-14)*1. Is (-227 + -8)/(((-2)/2)/g) a prime number?
False
Is (148 - 18235)/(6/4*-1) a prime number?
False
Suppose -1332 = 16*c - 17268. Let l = 1963 - c. Is l composite?
False
Suppose -86*z = -84*z - 8. Suppose -2*m = 3*q - 5787, 7*q - z*q = -m + 5790. Is q a prime number?
True
Suppose 50*c - 44*c = 5*v + 1792298, 4*v = -c + 298755. Is c prime?
True
Suppose -2*k + 742751 = 4*g - 619735, k - 2*g = 681243. Is k prime?
False
Let k = 32059 - -81874. Is k a composite number?
False
Let q = 44390 + -13083. Is q a composite number?
False
Is 305610/4 - (-14 - (-108)/8) a prime number?
True
Let c = 190 + -132. Let p = c - 40. Is 236720/72 - -7 - (-4)/p a prime number?
False
Is ((-13)/(130/300470))/(2 + (-4 - -1)) a composite number?
False
Let y be 8/10 - ((-174)/(-30) + -5). Let f be 3/(-6)*4 + y + -1. Is (8/(-4) - f) + (-3 - -789) composite?
False
Let j = -285536 - -495678. Is j a composite number?
True
Let d be (-6)/21 - 18715/35. Let b = 158 + d. Let l = -216 - b. Is l a composite number?
True
Let p(m) = -2*m - 169. Let a be p(-10). Let o = a + 1788. Is o composite?
True
Let l(a) = 3*a - 7. Let q be l(11). Let t be q/(-5) + (-8)/(-40). Is (-3)/(-15) + (-3954)/t prime?
False
Suppose o = 4*k - 47, k + 3*o + 14 = 29. Let v(n) = 13*n - 2*n**2 - 35 + 0*n + 3*n**2. Is v(k) prime?
False
Suppose 43*t + 736398 = 4106179. Is t a prime number?
True
Let u(x) be the first derivative of x**3/3 + x**2/2 + 21*x + 17. Let l be u(0). Suppose -397 = -l*c + 20*c. Is c composite?
False
Let z(s) = 6*s**3 - 4*s**2 - 20*s + 5. Let v be z(11). Let y = -4268 + v. Is y a composite number?
False
Let g = 29706 - -138455. Is g composite?
True
Let s = 402562 + -241371. Is s composite?
True
Let b(i) = -4896*i - 6169. Is b(-10) prime?
False
Suppose 2*o - 5*i = 204997, -o + 13*i + 102503 = 9*i. Is o a prime number?
False
Let p(j) = 3*j**3 - 25*j**2 - 13*j + 41. Let f be p(18). Suppose 4*n - 11500 = -5*x + 6*n, -4*x + n + f = 0. Is x prime?
False
Suppose 7*v = 14*v. Let c(o) = 2*o + 4487. Is c(v) composite?
True
Suppose -200212 = 50*b - 971312. Is b/7 + 81/(-567) prime?
True
Let k(m) = 16*m - 4. Suppose -35 = 2*l - 33. Let o be k(l). Let n(s) = -26*s - 41. Is n(o) prime?
True
Is (1332/(-144))/37 - (0 - 1153397/4) a composite number?
False
Let r(c) = -2*c - 16. Let n(j) = 7*j + 5. Let a be n(-2). Let p be r(a). Let d(o) = 32*o - 5. Is d(p) a composite number?
False
Let v(h) = 73*h**2 + 19*h + 72. Let p be v(-7). Suppose -r + p + 3043 = 0. Is r prime?
False
Let n be (-78)/(-24) + -4 + 33/12. Suppose -n*z - 51851 = -i - 4*i, -i - 3*z + 10360 = 0. Is i a prime number?
True
Let o = 1407 + 197. Let j = 2094 + -3021. Let l = j + o. Is l prime?
True
Suppose 404*x = 245*x - 86814. Let m = 82 + -405. Let g = m - x. Is g composite?
False
Let n = -2754 - -13601. Is n composite?
False
Let t = 149 + -17. Suppose 7*l - 4*l + t = 3*d, 220 = 5*d - 3*l. Is d/(-1)*22/(-8) composite?
True
Let d be (8/12)/(-5 - -3)*3. Is -2 - (4 + 1745)/d a composite number?
False
Suppose 3*b + 2*b - q = 18, 2*b - 18 = -5*q. Suppose 2*f + 15025 = b*v - 10461, 0 = 5*v - 3*f - 31856. Is v prime?
True
Let l(t) = 2*t**3 - 34*t**2 + 11*t - 196. Is l(27) a prime number?
False
Suppose 0 = 37*q + 16*q - 778291 - 17716. Is q a prime number?
False
Let y(z) = 16 - 12 - 2*z - z**2 + 23*z. Let m be y(21). Suppose 3*b + 1151 = m*b. Is b a prime number?
True
Let d(r) = 1186*r - 1121. Is d(33) composite?
True
Let s(a) = -1325*a - 54. Let w(y) = -7